{"id":759,"date":"2021-03-19T13:47:18","date_gmt":"2021-03-19T13:47:18","guid":{"rendered":"https:\/\/urbanwavesrecords.com\/secure\/?post_type=product&#038;p=759"},"modified":"2021-04-01T15:40:40","modified_gmt":"2021-04-01T15:40:40","slug":"turn-of-rawtip","status":"publish","type":"product","link":"https:\/\/urbanwavesrecords.com\/secure\/product\/turn-of-rawtip\/","title":{"rendered":"Turn Of RawTip"},"content":{"rendered":"<p>Youtaro ist ein junger Beatmaker aus Nara, Japan. Nach seinem Mix f\u00fcr Radio Juicy (Vol.86) waren wir so begeistert von ihm, dass wir ein Tape mit ihm zusammen ver\u00f6ffentlichen wollten. Das Endergebnis ist beeindruckend &#8211; 21 hypnotisierende Lo-Fi Beats frisch aus seiner MPC! Also lehnt euch zur\u00fcck und rollt euch einen w\u00e4hrend ihr den &#8220;Turn Of RawTip&#8221; genie\u00dft.<\/p>\n<p>Youtaro is a young beatmaker from Nara, Japan. After his brilliant mix for Radio Juicy Vol.86 we really wanted to host a beat tape for him. And the surprise was quite delightful when he came up with 21 hypnotic lo-fi beats freshly out of his MPC! So lay back and roll one up while listening to the &#8220;Turn Of RawTip&#8221;.<\/p>\n<p>beats produced by Youtaro<br \/>\n&#8211; soundcloud.com\/nusro_looops<br \/>\n&#8211; youtaro-sndbse16.bandcamp.com<\/p>\n<p>artwork and layout by Alex Brade<br \/>\ncassette tape &#8220;hand&#8221; made at Urban Waves<br \/>\npublished &amp; distributed by Urban Waves Records<\/p>\n","protected":false},"excerpt":{"rendered":"<p><a href=\"https:\/\/urbanwavesrecords.com\/secure\/?attachment_id=761\">Coffee<\/a> <a href=\"https:\/\/urbanwavesrecords.com\/secure\/?attachment_id=763\">Earwax<\/a> <a href=\"https:\/\/urbanwavesrecords.com\/secure\/?attachment_id=764\">Windy<\/a> <a href=\"https:\/\/urbanwavesrecords.com\/secure\/?attachment_id=765\">Hittin Switches<\/a> <a href=\"https:\/\/urbanwavesrecords.com\/secure\/?attachment_id=766\">Kaleidoscope<\/a> <a href=\"https:\/\/urbanwavesrecords.com\/secure\/?attachment_id=767\">Green Pad<\/a> <a href=\"https:\/\/urbanwavesrecords.com\/secure\/?attachment_id=768\">Shine<\/a> <a href=\"https:\/\/urbanwavesrecords.com\/secure\/?attachment_id=769\">She Sha<\/a> <a href=\"https:\/\/urbanwavesrecords.com\/secure\/?attachment_id=770\">Lala<\/a> <a href=\"https:\/\/urbanwavesrecords.com\/secure\/?attachment_id=771\">Roll<\/a> <a href=\"https:\/\/urbanwavesrecords.com\/secure\/?attachment_id=772\">Luck<\/a> <a href=\"https:\/\/urbanwavesrecords.com\/secure\/?attachment_id=773\">BOOOW<\/a> <a href=\"https:\/\/urbanwavesrecords.com\/secure\/?attachment_id=774\">One<\/a> <a href=\"https:\/\/urbanwavesrecords.com\/secure\/?attachment_id=775\">Bwncees<\/a> <a href=\"https:\/\/urbanwavesrecords.com\/secure\/?attachment_id=776\">Junk Ya<\/a> <a href=\"https:\/\/urbanwavesrecords.com\/secure\/?attachment_id=777\">Come On<\/a> <a href=\"https:\/\/urbanwavesrecords.com\/secure\/?attachment_id=778\">Snowday<\/a> <a href=\"https:\/\/urbanwavesrecords.com\/secure\/?attachment_id=779\">Vibin<\/a> <a href=\"https:\/\/urbanwavesrecords.com\/secure\/?attachment_id=780\">Phillies<\/a> <a href=\"https:\/\/urbanwavesrecords.com\/secure\/?attachment_id=781\">Blue<\/a> <a href=\"https:\/\/urbanwavesrecords.com\/secure\/?attachment_id=782\">Holiday<\/a><\/p>\n","protected":false},"featured_media":762,"template":"","meta":[],"featured_media_src_url":"https:\/\/urbanwavesrecords.com\/secure\/wp-content\/uploads\/2021\/03\/Youtaro-Turn-Of-RawTip-01-Coffee-mp3-image.jpg","_links":{"self":[{"href":"https:\/\/urbanwavesrecords.com\/secure\/wp-json\/wp\/v2\/product\/759"}],"collection":[{"href":"https:\/\/urbanwavesrecords.com\/secure\/wp-json\/wp\/v2\/product"}],"about":[{"href":"https:\/\/urbanwavesrecords.com\/secure\/wp-json\/wp\/v2\/types\/product"}],"wp:featuredmedia":[{"embeddable":true,"href":"https:\/\/urbanwavesrecords.com\/secure\/wp-json\/wp\/v2\/media\/762"}],"wp:attachment":[{"href":"https:\/\/urbanwavesrecords.com\/secure\/wp-json\/wp\/v2\/media?parent=759"}],"curies":[{"name":"wp","href":"https:\/\/api.w.org\/{rel}","templated":true}]}}