{"id":689,"date":"2021-03-19T13:24:38","date_gmt":"2021-03-19T13:24:38","guid":{"rendered":"https:\/\/urbanwavesrecords.com\/secure\/?post_type=product&#038;p=689"},"modified":"2021-04-13T14:32:22","modified_gmt":"2021-04-13T14:32:22","slug":"high-rollers","status":"publish","type":"product","link":"https:\/\/urbanwavesrecords.com\/secure\/product\/high-rollers\/","title":{"rendered":"High Rollers"},"content":{"rendered":"<p>High Rollers kommt direkt aus dem Schweizer Untergrund von Dave Sparkz und Wodoo Wolcan. Abwechslungsreiche Beats werden mit Hip-Hop Lyriks und Acapella Fragmenten verziert. Herauskommt ein wundersch\u00f6nes Gesamtprodukt mit einer Vielzahl von Lo-Fi-Jazz verkrusteten Instrumentals und eine k\u00f6stliche F\u00fcllung klassischen Hip-Hop\u2019s.<\/p>\n<p>High Rollers comes directly from the Swiss underground hip hop scene by Dave Sparkz and Wodoo Wolcan. The varied beats are decorated with hip-hop lyrics and classic acapella snippets. The result is a beautiful product with a variety of lo-fi jazz instrumentals and delicious classic hip hop as filling.<\/p>\n<p>music by Dave Sparkz &amp; Wodoo Wolcan<br \/>\ndistributed by hhv.de<br \/>\npublished by Urban Waves<\/p>\n","protected":false},"excerpt":{"rendered":"<p><a href=\"https:\/\/urbanwavesrecords.com\/secure\/naked-truth-cuts-by-chinch-33-2\/\">Naked Truth (Cuts by Chinch 33)<\/a><\/p>\n<p><a href=\"https:\/\/urbanwavesrecords.com\/secure\/lofitown-2\/\">LoFiTown<\/a> <a href=\"https:\/\/urbanwavesrecords.com\/secure\/purple-interlude-2\/\">Purple (Interlude)<\/a> <a href=\"https:\/\/urbanwavesrecords.com\/secure\/1000-week-2\/\">1000$ Week<\/a> <a href=\"https:\/\/urbanwavesrecords.com\/secure\/grab-the-bubbly-2\/\">Grab The Bubbly<\/a> <a href=\"https:\/\/urbanwavesrecords.com\/secure\/classic-2\/\">Classic<\/a><\/p>\n<p><a href=\"https:\/\/urbanwavesrecords.com\/secure\/put-curse-on-ya-2\/\">Put Curse On Ya<\/a> <a href=\"https:\/\/urbanwavesrecords.com\/secure\/thangs-interlude-2\/\">Thangs (Interlude)<\/a> <a href=\"https:\/\/urbanwavesrecords.com\/secure\/sicilly-2\/\">Sicilly<\/a> <a href=\"https:\/\/urbanwavesrecords.com\/secure\/apollo-funk-2\/\">Apollo Funk<\/a> <a href=\"https:\/\/urbanwavesrecords.com\/secure\/cant-wait-2\/\">Can&#8217;t Wait<\/a> <a href=\"https:\/\/urbanwavesrecords.com\/secure\/cutslice-2\/\">Cutslice<\/a> <a href=\"https:\/\/urbanwavesrecords.com\/secure\/murda-tape-2\/\">Murda Tape<\/a> <a href=\"https:\/\/urbanwavesrecords.com\/secure\/bullet-time-2\/\">Bullet Time<\/a> <a href=\"https:\/\/urbanwavesrecords.com\/secure\/power-chords-2\/\">Power Chords<\/a> <a href=\"https:\/\/urbanwavesrecords.com\/secure\/aint-no-comparison-2\/\">Ain&#8217;t No Comparison<\/a> <a href=\"https:\/\/urbanwavesrecords.com\/secure\/cold-steel-2\/\">Cold Steel<\/a> <a href=\"https:\/\/urbanwavesrecords.com\/secure\/favela-2\/\">Favela<\/a> <a href=\"https:\/\/urbanwavesrecords.com\/secure\/mad-plo-2\/\">Mad PLO<\/a> <a href=\"https:\/\/urbanwavesrecords.com\/secure\/concrete-jungle-2\/\">Concrete Jungle<\/a> <a href=\"https:\/\/urbanwavesrecords.com\/secure\/the-hunt-is-on-kid-2\/\">The Hunt Is On Kid<\/a> <a href=\"https:\/\/urbanwavesrecords.com\/secure\/buds-and-bottles-2\/\">Buds And Bottles<\/a> <a href=\"https:\/\/urbanwavesrecords.com\/secure\/mercury-waters-2\/\">Mercury Waters<\/a> <a href=\"https:\/\/urbanwavesrecords.com\/secure\/smooth-lines-2\/\">Smooth Lines<\/a> <a href=\"https:\/\/urbanwavesrecords.com\/secure\/lofitown-instrumental-2\/\">LoFiTown (Instrumental)<\/a> <a href=\"https:\/\/urbanwavesrecords.com\/secure\/put-curse-on-ya-instrumental-2\/\">Put Curse On Ya (Instrumental)<\/a> <a href=\"https:\/\/urbanwavesrecords.com\/secure\/cant-wait-instrumental-2\/\">Can&#8217;t Wait (Instrumental)<\/a> <a href=\"https:\/\/urbanwavesrecords.com\/secure\/aint-no-coparison-instrumental-2\/\">Ain&#8217;t No Coparison (Instrumental)<\/a> <a href=\"https:\/\/urbanwavesrecords.com\/secure\/mad-plo-instrumental-2\/\">Mad PLO (Instrumental)<\/a> <a href=\"https:\/\/urbanwavesrecords.com\/secure\/the-hunt-is-on-kid-instrumental-2\/\">The Hunt Is On Kid (Instrumental)<\/a><\/p>\n","protected":false},"featured_media":694,"template":"","meta":[],"featured_media_src_url":"https:\/\/urbanwavesrecords.com\/secure\/wp-content\/uploads\/2021\/03\/Dave-Sparkz-Wodoo-Wolcan-High-Rollers-01-Naked-Truth-Cuts-by-Chinch-33-mp3-image.jpg","_links":{"self":[{"href":"https:\/\/urbanwavesrecords.com\/secure\/wp-json\/wp\/v2\/product\/689"}],"collection":[{"href":"https:\/\/urbanwavesrecords.com\/secure\/wp-json\/wp\/v2\/product"}],"about":[{"href":"https:\/\/urbanwavesrecords.com\/secure\/wp-json\/wp\/v2\/types\/product"}],"wp:featuredmedia":[{"embeddable":true,"href":"https:\/\/urbanwavesrecords.com\/secure\/wp-json\/wp\/v2\/media\/694"}],"wp:attachment":[{"href":"https:\/\/urbanwavesrecords.com\/secure\/wp-json\/wp\/v2\/media?parent=689"}],"curies":[{"name":"wp","href":"https:\/\/api.w.org\/{rel}","templated":true}]}}